1 prime?
True
Is 97188242341 prime?
False
Is 16036419227 prime?
True
Is 1624125673 a composite number?
True
Is 13759578323 a prime number?
True
Is 2268875827 a prime number?
True
Is 6158174131 a composite number?
False
Is 3490875707 a composite number?
True
Is 23528939081 a composite number?
False
Is 653796469198 a composite number?
True
Is 42245472266 a composite number?
True
Is 10455751 a composite number?
True
Is 12374990917 a composite number?
True
Is 460086367 prime?
False
Is 16540044593 composite?
False
Is 748749571 composite?
False
Is 1359494887 a composite number?
True
Is 10921881899 a composite number?
False
Is 23239982407 a composite number?
False
Is 724428779 prime?
True
Is 5752070647 a composite number?
False
Is 327811753 a composite number?
False
Is 5180772027 a composite number?
True
Is 4764947933 prime?
False
Is 1358151551 composite?
True
Is 3104337023 a prime number?
True
Is 51679935113 a composite number?
False
Is 907655513 a composite number?
False
Is 41717034379 a composite number?
True
Is 2409095281 a composite number?
True
Is 5118683627 prime?
True
Is 18416243 prime?
False
Is 136181803 prime?
False
Is 2296259197 composite?
True
Is 1652960843 prime?
True
Is 5527939 a prime number?
True
Is 25349961733 composite?
False
Is 71124936461 a composite number?
True
Is 62514145 a composite number?
True
Is 2383064951 a prime number?
True
Is 13427688403 a prime number?
False
Is 7561560197 composite?
False
Is 65938720751 composite?
False
Is 3245142541 composite?
True
Is 11572773761 a prime number?
True
Is 8134201 prime?
True
Is 748158533 prime?
False
Is 4794421571 a composite number?
True
Is 56285336021 a prime number?
True
Is 12807685909 a composite number?
False
Is 23034157 a composite number?
True
Is 43394008337 a prime number?
True
Is 2276279647 a composite number?
True
Is 105534107 prime?
False
Is 19616724497 prime?
True
Is 393221111 a composite number?
True
Is 2694243961 a prime number?
False
Is 10847227 a prime number?
True
Is 8330348933 composite?
True
Is 3052275257 composite?
False
Is 9122659087 a composite number?
False
Is 396912589 a prime number?
False
Is 159659947 prime?
True
Is 31401857569 a composite number?
False
Is 537923201 a composite number?
True
Is 4635815297 a composite number?
False
Is 242527104241 prime?
False
Is 131390941 a prime number?
False
Is 1534439231 prime?
False
Is 5541550799 composite?
False
Is 3014880535 composite?
True
Is 41933545387 composite?
False
Is 1184427211 composite?
True
Is 209990537 composite?
True
Is 1738016447 prime?
True
Is 2178969347 a prime number?
False
Is 259398989 composite?
False
Is 1186089857 a composite number?
False
Is 5658080671 composite?
True
Is 11466724909 a prime number?
False
Is 73238752603 prime?
False
Is 108307088293 prime?
True
Is 1189047089 a prime number?
False
Is 421902361 a prime number?
True
Is 38971825517 prime?
False
Is 10053670651 a composite number?
False
Is 189046920197 composite?
False
Is 26050446767 composite?
False
Is 264176179 a composite number?
False
Is 3689121299 a composite number?
True
Is 2469507517 a composite number?
False
Is 35798002853 a prime number?
True
Is 2167738073 a prime number?
True
Is 4566225841 a prime number?
True
Is 10878587663 composite?
True
Is 2468180551 a composite number?
False
Is 5068913959 a prime number?
True
Is 154052821007 a composite number?
True
Is 11992846153 a composite number?
True
Is 339733981 a composite number?
True
Is 3131359291 a composite number?
False
Is 7292938123 composite?
False
Is 650171281 prime?
True
Is 7864037 composite?
False
Is 12333467137 a prime number?
True
Is 1538513437 prime?
False
Is 8093949587 a composite number?
False
Is 173627101 prime?
False
Is 1455087223 composite?
False
Is 9717594871 prime?
True
Is 4092020299 composite?
True
Is 49384186561 composite?
False
Is 72604282097 a prime number?
True
Is 10823140473 a composite number?
True
Is 18057998171 a composite number?
False
Is 345588304421 composite?
True
Is 43956218 a prime number?
False
Is 46844321669 a composite number?
True
Is 37668415559 composite?
False
Is 2290606139 composite?
False
Is 14078795513 a composite number?
False
Is 234012263 prime?
True
Is 2061879679 a composite number?
False
Is 396832708903 a prime number?
False
Is 1679373581 a prime number?
False
Is 192687278453 prime?
True
Is 3628118993 composite?
False
Is 3299364487 a prime number?
True
Is 798052681 a prime number?
False
Is 2177033 a composite number?
True
Is 83791412407 a prime number?
True
Is 381269191 prime?
True
Is 5749294027 composite?
False
Is 1506768553 prime?
False
Is 4846635241 prime?
False
Is 457086941 a prime number?
True
Is 66008286049 composite?
True
Is 2433659114 composite?
True
Is 131492767 a prime number?
False
Is 517085059 prime?
False
Is 35559048607 prime?
True
Is 15782389 a composite number?
True
Is 104713529 a prime number?
False
Is 428653106759 composite?
False
Is 7921025765 prime?
False
Is 7369307257 a prime number?
False
Is 8436952871 prime?
True
Is 42480584899 a prime number?
False
Is 119472389 a composite number?
False
Is 7341166031 composite?
False
Is 17827996399 a composite number?
False
Is 1100141837 a composite number?
False
Is 290141491 composite?
True
Is 139000171 prime?
True
Is 216992702219 a prime number?
True
Is 10208242159 prime?
True
Is 2598017179 a composite number?
False
Is 408629141 composite?
True
Is 78500396129 a composite number?
False
Is 105103988977 a composite number?
True
Is 8573228063 composite?
True
Is 1181860217 composite?
True
Is 9028533253 prime?
True
Is 10334478403 prime?
True
Is 30141723377 prime?
True
Is 2982193 a composite number?
False
Is 2991257063 a composite number?
True
Is 9528369857 prime?
True
Is 1320870035 a composite number?
True
Is 259404749 composite?
True
Is 16524987483 prime?
False
Is 3593794777 prime?
True
Is 2334819479 prime?
True
Is 18795591079 a prime number?
True
Is 3139402853 prime?
False
Is 496527203 a composite number?
False
Is 220230091 a composite number?
False
Is 7525773053 a prime number?
False
Is 17854146923 a prime number?
True
Is 46545225313 a composite number?
False
Is 496396151 prime?
True
Is 1841910737 a composite number?
True
Is 323078137 prime?
True
Is 118095094903 a prime number?
True
Is 58395942841 prime?
True
Is 1001627527 a prime number?
False
Is 72074813171 a prime number?
True
Is 1352193035 a prime number?
False
Is 33898076513 prime?
False
Is 25291355741 a prime number?
True
Is 57710830459 a prime number?
False
Is 63848591 a prime number?
False
Is 597758333 composite?
True
Is 78401491 a prime number?
False
Is 43519280173 a prime number?
False
Is 3105020609 a prime number?
False
Is 4022462377 prime?
True
Is 3225660751 composite?
False
Is 45093341537 composite?
False
Is 18996201953 prime?
True
Is 72043708889 a composite number?
False
Is 78201237 prime?
False
Is 449129833 composite?
False
Is 413393371 a prime number?
True
Is 4904011883 composite?
True
Is 17295713423 prime?
True
Is 1862596949 prime?
False
Is 3597074597 a prime number?
True
Is 9092982929 composite?
False
Is 18459769183 a composite number?
True
Is 1228428611 a composite number?
False
Is 13629482821 composite?
True
Is 639609401 a composite number?
False
Is 1581742313 prime?
True
Is 21577775599 a prime number?
True
Is 1690765603 a composite number?
False
Is 104793133 a composite number?
False
Is 66167342069 a composite number?
False
Is 241980335 a composite number?
True
Is 187517605907 a composite number?
False
Is 129530697853 prime?
False
Is 1652257373 composite?
True
Is 852399809 prime?
False
Is 8692435471 prime?
False
Is 43226866019 composite?
False
Is 89042429 prime?
False
Is 41521812359 prime?
True
Is 12365333947 prime?
False
Is 37183054301 a prime number?
True
Is 5717706899 prime?
False
Is 49160647 a prime number?
False
Is 31178403847 a prime number?
False
Is 25057961 a composite number?
False
Is 1525776871 a prime number?
True
Is 55140390583 prime?
True
Is 3894007207 composite?
True
Is 1124343097 prime?
False
Is 523873399 prime?
False
Is 126814605403 a prime number?
True
Is 5795283869 prime?
True
Is 47423393701 a prime number?
False
Is 1806093689 composite?
True
Is 167149932337 prime?
False
Is 10521150103 a prime number?
False
Is 6347267183 composite?
False
Is 19185670661 prime?
True
Is 1521091171 a composite num